{"id":126,"date":"2025-11-29T06:30:20","date_gmt":"2025-11-29T05:30:20","guid":{"rendered":"https:\/\/hfm.facmed.unam.mx\/?page_id=126"},"modified":"2026-01-14T22:08:37","modified_gmt":"2026-01-14T21:08:37","slug":"mision-y-vision","status":"publish","type":"page","link":"https:\/\/hfm.facmed.unam.mx\/index.php\/mision-y-vision\/","title":{"rendered":"Misi\u00f3n y visi\u00f3n"},"content":{"rendered":"<p>[et_pb_section fb_built=\u00bb1&#8243; _builder_version=\u00bb4.27.4&#8243; _module_preset=\u00bbdefault\u00bb global_colors_info=\u00bb{}\u00bb][et_pb_row _builder_version=\u00bb4.27.4&#8243; _module_preset=\u00bbdefault\u00bb max_width=\u00bb1502px\u00bb global_colors_info=\u00bb{}\u00bb][et_pb_column type=\u00bb4_4&#8243; _builder_version=\u00bb4.27.4&#8243; _module_preset=\u00bbdefault\u00bb global_colors_info=\u00bb{}\u00bb][et_pb_social_media_follow _builder_version=\u00bb4.27.4&#8243; _module_preset=\u00bbdefault\u00bb text_orientation=\u00bbright\u00bb width=\u00bb100%\u00bb box_shadow_style=\u00bbpreset2&#8243; box_shadow_blur=\u00bb7px\u00bb box_shadow_spread=\u00bb-4px\u00bb global_colors_info=\u00bb{}\u00bb][et_pb_social_media_follow_network social_network=\u00bbfacebook\u00bb url=\u00bbhttps:\/\/www.facebook.com\/DHFMunam?locale=es_LA\u00bb _builder_version=\u00bb4.27.4&#8243; _module_preset=\u00bbdefault\u00bb background_color=\u00bb#3b5998&#8243; global_colors_info=\u00bb{}\u00bb follow_button=\u00bboff\u00bb url_new_window=\u00bbon\u00bb]facebook[\/et_pb_social_media_follow_network][et_pb_social_media_follow_network social_network=\u00bbinstagram\u00bb url=\u00bbhttps:\/\/www.instagram.com\/dhfmunam\/\u00bb _builder_version=\u00bb4.27.4&#8243; _module_preset=\u00bbdefault\u00bb background_color=\u00bb#ea2c59&#8243; global_colors_info=\u00bb{}\u00bb follow_button=\u00bboff\u00bb url_new_window=\u00bbon\u00bb]instagram[\/et_pb_social_media_follow_network][\/et_pb_social_media_follow][\/et_pb_column][\/et_pb_row][\/et_pb_section][et_pb_section fb_built=\u00bb1&#8243; fullwidth=\u00bbon\u00bb _builder_version=\u00bb4.27.4&#8243; _module_preset=\u00bbdefault\u00bb global_colors_info=\u00bb{}\u00bb][et_pb_fullwidth_header title=\u00bbMisi\u00f3n y Visi\u00f3n\u00bb _builder_version=\u00bb4.27.4&#8243; _module_preset=\u00bbdefault\u00bb title_font_size=\u00bb62px\u00bb content_text_align=\u00bbleft\u00bb content_text_color=\u00bb#FFFFFF\u00bb content_font_size=\u00bb23px\u00bb content_letter_spacing=\u00bb1px\u00bb content_line_height=\u00bb1.6em\u00bb background_color=\u00bbrgba(0,0,0,0.2)\u00bb background_image=\u00bbhttps:\/\/hfm.facmed.unam.mx\/wp-content\/uploads\/2025\/11\/Diapositiva5.png\u00bb background_blend=\u00bbsoft-light\u00bb custom_button_one=\u00bbon\u00bb button_one_text_color=\u00bb#E02B20&#8243; transform_scale=\u00bb102%|102%\u00bb min_height=\u00bb100vh\u00bb custom_margin=\u00bb-53px||9px|9px|false|false\u00bb custom_padding=\u00bb182px|146px||313px|false|false\u00bb child_filter_opacity=\u00bb55%\u00bb border_width_all_image=\u00bb3px\u00bb box_shadow_style=\u00bbpreset1&#8243; box_shadow_color=\u00bb#FFFFFF\u00bb global_colors_info=\u00bb{}\u00bb]<\/p>\n<p style=\"text-align: left;\"><span style=\"color: rgba(237, 240, 0, 0.83);\"><strong>Misi\u00f3n<\/strong><\/span><\/p>\n<p><strong>Formar m\u00e9dicos con una perspectiva cr\u00edtica de la medicina, capaces de comprender su contexto hist\u00f3rico, social y filos\u00f3fico.<\/strong><\/p>\n<p style=\"text-align: left;\"><span style=\"color: #edf000;\"><strong>Visi\u00f3n<\/strong><\/span><\/p>\n<p style=\"text-align: left;\"><strong>Promover la difusi\u00f3n y la investigaci\u00f3n de las humanidades en salud de M\u00e9xico y Latinoam\u00e9rica.<\/strong><\/p>\n<p style=\"text-align: left;\"><span style=\"color: #edf000;\"><strong>Contribuci\u00f3n<\/strong><\/span><\/p>\n<p style=\"text-align: left;\"><strong>Ser un referente en la formaci\u00f3n de m\u00e9dicos con s\u00f3lidas bases human\u00edsticas que sustenten una actitud reflexiva, cr\u00edtica y comprometida con la salud de las personas y de la comunidad.<\/strong><\/p>\n<p>&nbsp;<\/p>\n<p>[\/et_pb_fullwidth_header][\/et_pb_section][et_pb_section fb_built=\u00bb1&#8243; fullwidth=\u00bbon\u00bb _builder_version=\u00bb4.27.4&#8243; _module_preset=\u00bbdefault\u00bb global_colors_info=\u00bb{}\u00bb][\/et_pb_section]<\/p>\n","protected":false},"excerpt":{"rendered":"<p>Misi\u00f3n Formar m\u00e9dicos con una perspectiva cr\u00edtica de la medicina, capaces de comprender su contexto hist\u00f3rico, social y filos\u00f3fico. Visi\u00f3n Promover la difusi\u00f3n y la investigaci\u00f3n de las humanidades en salud de M\u00e9xico y Latinoam\u00e9rica. Contribuci\u00f3n Ser un referente en la formaci\u00f3n de m\u00e9dicos con s\u00f3lidas bases human\u00edsticas que sustenten una actitud reflexiva, cr\u00edtica y [&hellip;]<\/p>\n","protected":false},"author":2,"featured_media":0,"parent":0,"menu_order":0,"comment_status":"closed","ping_status":"closed","template":"","meta":{"_et_pb_use_builder":"on","_et_pb_old_content":"<!-- wp:divi\/placeholder \/-->","_et_gb_content_width":"","footnotes":""},"class_list":["post-126","page","type-page","status-publish","hentry"],"_links":{"self":[{"href":"https:\/\/hfm.facmed.unam.mx\/index.php\/wp-json\/wp\/v2\/pages\/126","targetHints":{"allow":["GET"]}}],"collection":[{"href":"https:\/\/hfm.facmed.unam.mx\/index.php\/wp-json\/wp\/v2\/pages"}],"about":[{"href":"https:\/\/hfm.facmed.unam.mx\/index.php\/wp-json\/wp\/v2\/types\/page"}],"author":[{"embeddable":true,"href":"https:\/\/hfm.facmed.unam.mx\/index.php\/wp-json\/wp\/v2\/users\/2"}],"replies":[{"embeddable":true,"href":"https:\/\/hfm.facmed.unam.mx\/index.php\/wp-json\/wp\/v2\/comments?post=126"}],"version-history":[{"count":15,"href":"https:\/\/hfm.facmed.unam.mx\/index.php\/wp-json\/wp\/v2\/pages\/126\/revisions"}],"predecessor-version":[{"id":279,"href":"https:\/\/hfm.facmed.unam.mx\/index.php\/wp-json\/wp\/v2\/pages\/126\/revisions\/279"}],"wp:attachment":[{"href":"https:\/\/hfm.facmed.unam.mx\/index.php\/wp-json\/wp\/v2\/media?parent=126"}],"curies":[{"name":"wp","href":"https:\/\/api.w.org\/{rel}","templated":true}]}}